5
List the prime factors of 5301.
3, 19, 31
List the prime factors of 715.
5, 11, 13
What are the prime factors of 2339?
2339
What are the prime factors of 1397?
11, 127
List the prime factors of 30817.
30817
List the prime factors of 493.
17, 29
List the prime factors of 153.
3, 17
What are the prime factors of 80168?
2, 11, 911
List the prime factors of 433.
433
What are the prime factors of 54726?
2, 3, 7, 1303
List the prime factors of 1438.
2, 719
List the prime factors of 210.
2, 3, 5, 7
List the prime factors of 4636.
2, 19, 61
List the prime factors of 15098.
2, 7549
List the prime factors of 534.
2, 3, 89
What are the prime factors of 175680?
2, 3, 5, 61
What are the prime factors of 414?
2, 3, 23
What are the prime factors of 432?
2, 3
List the prime factors of 925.
5, 37
List the prime factors of 2095.
5, 419
List the prime factors of 110.
2, 5, 11
List the prime factors of 450.
2, 3, 5
What are the prime factors of 4273?
4273
List the prime factors of 4026.
2, 3, 11, 61
What are the prime factors of 36187?
36187
What are the prime factors of 45081?
3, 5009
What are the prime factors of 672?
2, 3, 7
List the prime factors of 137.
137
List the prime factors of 856.
2, 107
What are the prime factors of 2128?
2, 7, 19
What are the prime factors of 875?
5, 7
What are the prime factors of 3451?
7, 17, 29
List the prime factors of 704.
2, 11
What are the prime factors of 476?
2, 7, 17
What are the prime factors of 4551?
3, 37, 41
What are the prime factors of 23669?
23669
What are the prime factors of 39508?
2, 7, 17, 83
What are the prime factors of 193?
193
What are the prime factors of 9285?
3, 5, 619
What are the prime factors of 37703?
37, 1019
List the prime factors of 829.
829
What are the prime factors of 64?
2
What are the prime factors of 141530?
2, 5, 14153
List the prime factors of 238.
2, 7, 17
List the prime factors of 2318.
2, 19, 61
List the prime factors of 13519.
11, 1229
List the prime factors of 8960.
2, 5, 7
What are the prime factors of 7817?
7817
What are the prime factors of 2765?
5, 7, 79
What are the prime factors of 6049?
23, 263
What are the prime factors of 7111?
13, 547
List the prime factors of 1233.
3, 137
List the prime factors of 576.
2, 3
List the prime factors of 38760.
2, 3, 5, 17, 19
List the prime factors of 72683.
13, 5591
List the prime factors of 192192.
2, 3, 7, 11, 13
What are the prime factors of 19601?
17, 1153
List the prime factors of 3223.
11, 293
List the prime factors of 5935.
5, 1187
What are the prime factors of 25078?
2, 12539
What are the prime factors of 380?
2, 5, 19
List the prime factors of 1002.
2, 3, 167
What are the prime factors of 7013?
7013
List the prime factors of 985.
5, 197
List the prime factors of 20090.
2, 5, 7, 41
What are the prime factors of 7960?
2, 5, 199
List the prime factors of 3916.
2, 11, 89
What are the prime factors of 40806?
2, 3, 2267
List the prime factors of 12166.
2, 7, 11, 79
What are the prime factors of 17513?
83, 211
What are the prime factors of 130401?
3, 14489
List the prime factors of 1066.
2, 13, 41
List the prime factors of 108767.
23, 4729
What are the prime factors of 855?
3, 5, 19
What are the prime factors of 593?
593
What are the prime factors of 470?
2, 5, 47
What are the prime factors of 51866?
2, 25933
List the prime factors of 1046.
2, 523
What are the prime factors of 60614?
2, 30307
List the prime factors of 13609.
31, 439
List the prime factors of 451.
11, 41
What are the prime factors of 15464?
2, 1933
What are the prime factors of 1106?
2, 7, 79
List the prime factors of 44767.
89, 503
What are the prime factors of 18483?
3, 61, 101
List the prime factors of 32670.
2, 3, 5, 11
List the prime factors of 22032.
2, 3, 17
What are the prime factors of 5582?
2, 2791
List the prime factors of 25105.
5, 5021
List the prime factors of 221.
13, 17
List the prime factors of 11221.
7, 229
What are the prime factors of 53990?
2, 5, 5399
What are the prime factors of 4558?
2, 43, 53
What are the prime factors of 3188?
2, 797
What are the prime factors of 177?
3, 59
What are the prime factors of 19358?
2, 9679
List the prime factors of 7958.
2, 23, 173
What are the prime factors of 25330?
2, 5, 17, 149
List the prime factors of 22770.
2, 3, 5, 11, 23
What are the prime factors of 26894?
2, 7, 17, 113
List the prime factors of 1042.
2, 521
What are the prime factors of 365?
5, 73
List the prime factors of 14979.
3, 4993
What are the prime factors of 35988?
2, 3, 2999
What are the prime factors of 43816?
2, 5477
What are the prime factors of 9708?
2, 3, 809
What are the prime factors of 3353?
7, 479
What are the prime factors of 752?
2, 47
What are the prime factors of 6390?
2, 3, 5, 71
What are the prime factors of 1913?
1913
List the prime factors of 843.
3, 281
List the prime factors of 550.
2, 5, 11
What are the prime factors of 1211?
7, 173
List the prime factors of 4939.
11, 449
What are the prime factors of 76787?
31, 2477
List the prime factors of 97.
97
What are the prime factors of 12930?
2, 3, 5, 431
List the prime factors of 42088.
2, 5261
What are the prime factors of 12262?
2, 6131
List the prime factors of 494.
2, 13, 19
List the prime factors of 10560.
2, 3, 5, 11
List the prime factors of 156319.
156319
List the prime factors of 1698.
2, 3, 283
What are the prime factors of 12737?
47, 271
List the prime factors of 17433.
3, 13, 149
List the prime factors of 15818.
2, 11, 719
What are the prime factors of 666?
2, 3, 37
What are the prime factors of 2230?
2, 5, 223
List the prime factors of 57596.
2, 7, 11, 17
List the prime factors of 8757.
3, 7, 139
What are the prime factors of 251?
251
What are the prime factors of 86344?
2, 43, 251
What are the prime factors of 3709?
3709
What are the prime factors of 36152?
2, 4519
List the prime factors of 8790.
2, 3, 5, 293
What are the prime factors of 1294?
2, 647
What are the prime factors of 2915?
5, 11, 53
List the prime factors of 40225.
5, 1609
List the prime factors of 22401.
3, 19, 131
What are the prime factors of 2487?
3, 829
What are the prime factors of 906?
2, 3, 151
What are the prime factors of 35971?
13, 2767
What are the prime factors of 737?
11, 67
List the prime factors of 786.
2, 3, 131
What are the prime factors of 33143?
11, 23, 131
List the prime factors of 7539.
3, 7, 359
What are the prime factors of 7330?
2, 5, 733
What are the prime factors of 5494?
2, 41, 67
What are the prime factors of 6690?
2, 3, 5, 223
List the prime factors of 2311.
2311
What are the prime factors of 23325?
3, 5, 311
List the prime factors of 2456.
2, 307
What are the prime factors of 95?
5, 19
What are the prime factors of 31797?
3, 3533
List the prime factors of 124208.
2, 7, 1109
List the prime factors of 2231.
23, 97
What are the prime factors of 575?
5, 23
What are the prime factors of 85987?
11, 7817
List the prime factors of 998.
2, 499
What are the prime factors of 1771?
7, 11, 23
List the prime factors of 82.
2, 41
What are the prime factors of 17523?
3, 11, 59
List the prime factors of 59505.
3, 5, 3967
What are the prime factors of 75?
3, 5
List the prime factors of 28522.
2, 13, 1097
List the prime factors of 2779.
7, 397
List the prime factors of 4348.
2, 1087
What are the prime factors of 30908?
2, 7727
List the prime factors of 3048.
2, 3, 127
List the prime factors of 1162.
2, 7, 83
What are the prime factors of 945?
3, 5, 7
List the prime factors of 26949.
3, 13, 691
What are the prime factors of 5466?
2, 3, 911
List the prime factors of 3661.
7, 523
What are the prime factors of 12910?
2, 5, 1291
What are the prime factors of 909?
3, 101
What are the prime factors of 6979?
7, 997
What are the prime factors of 2144?
2, 67
List the prime factors of 54084.
2, 3, 4507
What are the prime factors of 82299?
3, 7, 3919
List the prime factors of 10612.
2, 7, 379
List the prime factors of 10776.
2, 3, 449
List the prime factors of 11427.
3, 13, 293
List the prime factors of 9980.
2, 5, 499
What are the prime factors of 35105?
5, 7, 17, 59
What are the prime factors of 2895?
3, 5, 193
What are the prime factors of 44171?
44171
What are the prime factors of 875?
5, 7
What are the prime factors of 25432?
2, 11, 17
What are the prime factors of 2243?
2243
List the prime factors 